he remainder when q is divided by d.
6
Let d be 11/(-1) - (-3)/3. Let k(z) = z**2 - 22*z + 7. Calculate the remainder when (-3 - -2)*(d - 1) is divided by k(22).
4
Calculate the remainder when 62 is divided by (8 + -5 - -5)*4.
30
Calculate the remainder when 35 is divided by 2 + 12/4 + 1.
5
Let b(y) = -2*y + 1. Calculate the remainder when 13 is divided by b(-1).
1
Let x = -112 + 124. Calculate the remainder when x is divided by 1.
0
Suppose -t = -2*t - 23. Let b = t + 38. Let y = 47 + -4. Calculate the remainder when y is divided by b.
13
Let s(l) = -l**2 + 9*l - 6. Let c be ((-9)/(-3))/(-1 - -2). Suppose 3*g - 237 = -5*p, c*p + 0*g = -3*g + 147. What is the remainder when p is divided by s(6)?
9
Suppose -3*t = -28 - 20. Calculate the remainder when (-2 + 1)*22/(-2) is divided by ((-6)/4)/((-6)/t).
3
Let p be ((-7)/4)/((-1)/(-28)). Let y = 105 + p. What is the remainder when y is divided by 19?
18
Suppose 4*m - 63 = -2*b - b, -b = 2*m - 31. What is the remainder when (-7)/(28/16) + 33 is divided by m?
14
Suppose -25 = 3*s - 8*s. Calculate the remainder when 8 is divided by s.
3
Let n be (-12 - -3)/3 + -7. What is the remainder when 34/2 - (3 + -2) is divided by -1*1*(n + 1)?
7
Let o = 11 - 7. Calculate the remainder when 3/7 - (-352)/77 is divided by o.
1
Let q(m) = 13*m + 25. Calculate the remainder when q(8) is divided by 44.
41
Let q = 76 + -19. Calculate the remainder when q is divided by 15.
12
Suppose 3*o - 19 = 4*h, -7*h = -2*o - 3*h + 14. Let x = 7 - 3. Suppose -x*j - 3 + 15 = 0. What is the remainder when o is divided by j?
2
Suppose -f - 5*w - 30 + 164 = 0, -4*f + 4*w = -632. What is the remainder when f is divided by 31?
30
Suppose 45 - 1 = 2*h. Suppose j - h = -j. Calculate the remainder when j is divided by 6.
5
Let v = -64 + 39. Let h = v - -27. What is the remainder when h is divided by 1?
0
Let r(p) = p**3 + 6*p**2 - 3*p - 5. Let g(t) = -5*t - 6. What is the remainder when g(-6) is divided by r(-6)?
11
Suppose -s = 5*j - 6 - 183, -s = -5*j + 181. Calculate the remainder when j is divided by 8.
5
Suppose 16 = -i + 4*q, q + 14 = 5*i - 1. Suppose -4*p = -2*o - 40, -9*o = 4*p - i*o - 54. Calculate the remainder when 21 is divided by p.
10
Let l(b) = -37*b + 5. Let r be l(-4). Suppose 137 + r = 5*q. Suppose 0 = -p + 23 - 3. What is the remainder when q is divided by p?
18
Suppose 5 = 5*i - 0*u - u, 5*u + 25 = -3*i. Suppose -10 = -2*t, -2*g = -i*g - t - 127. Let v = g + -20. What is the remainder when v is divided by 16?
14
Suppose -3*s + 3*d - 1 = 4*d, -s = -2*d - 9. Suppose 3*i = s + 2, -5*i = 5*c - 90. Calculate the remainder when c is divided by 9.
8
Let s(d) = -4*d + 3. Suppose 0 = x + 3*x + 20. What is the remainder when 66 is divided by s(x)?
20
Let j(i) = 2*i**2 - 6*i - 5. Calculate the remainder when 53 is divided by j(5).
8
Let i = -21 + 22. Calculate the remainder when i is divided by 1.
0
Let d be (-100)/15 - (-2)/3. Let g(m) = 11*m + 9. Let a(p) = 6*p + 5. Let w(t) = 5*a(t) - 3*g(t). Calculate the remainder when w(d) is divided by 6.
4
Let l(b) = -5*b**2 + 34*b - 44. Let o(x) = x**2 - 7*x + 9. Let z(f) = 2*l(f) + 11*o(f). What is the remainder when z(11) is divided by 12?
9
Let n = -23 + 25. Suppose -3*v + 7 = q, 3*v + 3*q - 1 = 2. Calculate the remainder when v is divided by n.
1
Suppose -4*z + 96 = 5*h, -h = 3*h + 5*z - 75. Calculate the remainder when 98 is divided by h.
18
Let x(k) = -3*k + 8. What is the remainder when x(-6) is divided by ((-18)/(-8))/(3/12)?
8
Suppose -13 = -i + 2*h, -7 = -3*i + h + 47. Suppose -3*f = -7*l + 2*l - 190, 235 = 4*f - 3*l. Calculate the remainder when f is divided by i.
17
Let q = -5 - -30. Let s = 1 - -8. What is the remainder when q is divided by s?
7
Let x(u) = -u**3 + 6*u**2 + 7*u + 3. Let t = -16 + 7. What is the remainder when (3 + -2)*(-1 - t) is divided by x(7)?
2
Suppose -1 = -3*b + 2, -2*i + b + 109 = 0. Suppose i = 3*w + 2*w. Calculate the remainder when 31*2*(-3)/(-6) is divided by w.
9
Suppose 2*r = -118 + 290. Calculate the remainder when r is divided by 22.
20
Let d(t) = 3*t**2 - 1 + 0*t**2 + t**2. Suppose -j - 18 = -5*r, -2*j - 4*r = -7*j - 6. What is the remainder when d(j) is divided by 8?
7
Let q(d) = 6*d + 17. Let s(t) = -2*t - 6. Let i(u) = -2*q(u) - 7*s(u). Let g be i(-7). What is the remainder when (-124)/(-12) + (-4)/g is divided by 6?
5
Let w = 17 + -2. What is the remainder when 58 is divided by w?
13
Suppose 4*t - 130 = -t - 3*c, -2*c + 10 = 0. What is the remainder when t is divided by (-60)/(-2)*2/5?
11
Let j be (-9)/(-6)*(-4)/(-1). Let l(u) = u**2 - 6*u + 2. Let q be l(j). Let n(c) = 10*c - 1. Calculate the remainder when n(q) is divided by 5.
4
Let u(v) = -v**2 + 4*v. Let m be u(3). Suppose m*y + 3*a = 21, -3*y - a = -5*a. Suppose y*z + z = 70. Calculate the remainder when z is divided by 5.
4
Suppose 3*u + h = -2, -4*h - 1 = -2*u + 7. Suppose u = 3*c - c - 46. Calculate the remainder when (1 - (-1 + 1)) + c is divided by 13.
11
Let w = 30 + -21. Suppose 0 = -11*v + 14*v - w. Calculate the remainder when 6 is divided by v.
0
Let p = -1 - -4. Let b(q) = q**3 + 7*q**2 + 13*q + 14. Calculate the remainder when p/9 - (-106)/6 is divided by b(-4).
8
Suppose -5*x = 17 - 7. What is the remainder when 19 is divided by x/3*15/(-2)?
4
Suppose 0 = -3*d - d - 4*y - 4, -10 = -5*d - 2*y. Suppose k = -4*f + 44, -2*f - d*k + 0*k = -22. What is the remainder when f is divided by 2 + 4/((-2)/(-1))?
3
Suppose 2*f - 26 = -0*f + 4*s, -3*f = s - 32. Calculate the remainder when 65 is divided by f.
10
Suppose 12 = 5*m - 3*m. Suppose -115 = -5*z + m*o - o, 5*z - 117 = 4*o. Calculate the remainder when 47 - 3*(-4)/6 is divided by z.
24
Suppose 4*c + 108 = 4*z, 4*c - 1 = -3*z + 80. What is the remainder when 134 is divided by z?
26
Suppose -d - 27 = 5*o - 0*d, 0 = -5*o - 2*d - 24. What is the remainder when 9 is divided by o/(-21) - 66/(-14)?
4
Let r(n) = -7*n**2 + 3*n + 3. Let g(u) = u**2. Let p(i) = -6*g(i) - r(i). Let d be (-2 + 6)/((-3)/(-3)). What is the remainder when 1 is divided by p(d)?
0
Suppose p = -4*p + 45. Calculate the remainder when 25 is divided by p.
7
Suppose 9 + 4 = 13*l. Calculate the remainder when 12 is divided by l.
0
Suppose -12 - 27 = -3*s. What is the remainder when s is divided by 1*(-245)/14*(-6)/15?
6
Suppose 0 = g + 2*g - 15. Suppose g*r - 4*r - 45 = 0. What is the remainder when r is divided by 12?
9
Let u(r) = r - 4. Let n be u(9). Suppose -n*t + 11 + 9 = 0. Let q = t - 3. What is the remainder when q is divided by 1?
0
Let i = 6 - -6. Suppose 2*d + i = 56. Calculate the remainder when 41 is divided by d.
19
Suppose 25 = 2*n - 31. Calculate the remainder when n is divided by 106/7 - ((-16)/(-14) + -1).
13
Let o = -27 - -56. What is the remainder when o is divided by 12?
5
Suppose 0 = -d + 3*d - 4*z - 38, -4*d + 3*z + 56 = 0. Calculate the remainder when 41 is divided by d.
8
Suppose 2*y = 2*t + 11 + 7, -5*y = -3*t - 37. Calculate the remainder when 14 is divided by y.
4
Let x(j) = -1 + 2 - j - 7. Let i be (-2)/(((-4)/(-10))/2). Calculate the remainder when 11 is divided by x(i).
3
Let o = 34 - -11. Calculate the remainder when o is divided by 23.
22
Let c(q) = 3*q - 4*q**3 + q**3 - 2*q. Let l be c(-1). Suppose l*o - 24 = -o. Calculate the remainder when 22 is divided by o.
6
Let z(c) = 4*c**2 - 3*c + 2. Suppose -5*t = -5*p, -p + t + 15 = 3*p. What is the remainder when p is divided by z(1)?
2
Let o = 47 + -19. What is the remainder when o is divided by 15?
13
Let k = -1 + 2. Let t = 1 + k. Suppose 3*z = 5*z + 2*d - 56, -5*z + 154 = -t*d. Calculate the remainder when z is divided by 11.
8
Let d be ((-2)/1)/((-2)/8). Suppose d = r - 0. What is the remainder when 15 is divided by r?
7
Calculate the remainder when 4 is divided by 1/(15/6 + -2).
0
Let a(d) = d - 10. What is the remainder when 7 is divided by a(14)?
3
Suppose v = 1 + 44. What is the remainder when v is divided by 23?
22
Suppose 5*a = -t, -2*a = 4*t - a. Let h = t - -2. Suppose 2*q - h*r + r - 29 = 0, -9 = -q - 5*r. Calculate the remainder when q is divided by 8.
6
Let l(f) = -f**3 + 9*f**2 + 11*f + 8. What is the remainder when 69 is divided by l(10)?
15
Let q(z) = 2*z - 9. What is the remainder when 33 is divided by q(13)?
16
Suppose -2*h - 43 + 243 = 0. Suppose 5*u + 58 = -2*z, -